{"id":2215,"date":"2025-03-14T20:31:50","date_gmt":"2025-03-14T20:31:50","guid":{"rendered":"https:\/\/trondek-klondike.com\/?page_id=2215"},"modified":"2025-06-12T17:13:53","modified_gmt":"2025-06-12T17:13:53","slug":"fort-reliance","status":"publish","type":"page","link":"https:\/\/trondek-klondike.com\/index.php\/fort-reliance\/","title":{"rendered":"Fort Reliance"},"content":{"rendered":"<div id=\"pl-2215\"  class=\"panel-layout\" ><div id=\"pg-2215-0\"  class=\"panel-grid panel-has-style\" ><div class=\"siteorigin-panels-stretch panel-row-style panel-row-style-for-2215-0\" style=\"background-image: url(https:\/\/trondek-klondike.com\/wp-content\/uploads\/2025\/03\/DJI_0082-e1741987635689.jpg);background-size: cover;background-position: center top;\" data-stretch-type=\"full\" ><div id=\"pgc-2215-0-0\"  class=\"panel-grid-cell\" ><div id=\"panel-2215-0-0-0\" class=\"so-panel widget widget_sow-headline panel-first-child panel-last-child\" data-index=\"0\" ><div style=\"margin-bottom: 20px !important; \" class=\"panel-widget-style panel-widget-style-for-2215-0-0-0\" ><div\n\t\t\t\n\t\t\tclass=\"so-widget-sow-headline so-widget-sow-headline-default-f6512abc8fb8-2215\"\n\t\t\t\n\t\t><div class=\"sow-headline-container \">\n\t\t\t\t\t\t\t<h2 class=\"sow-headline\">\n\t\t\t\t\t\tFort Reliance\t\t\t\t\t\t<\/h2>\n\t\t\t\t\t\t<\/div>\n<\/div><\/div><\/div><\/div><\/div><\/div><div id=\"pg-2215-1\"  class=\"panel-grid panel-has-style\" ><div class=\"siteorigin-panels-stretch panel-row-style panel-row-style-for-2215-1\" style=\"margin-top: 0px !important; \" data-stretch-type=\"full\" ><div id=\"pgc-2215-1-0\"  class=\"panel-grid-cell\" ><div id=\"panel-2215-1-0-0\" class=\"so-panel widget widget_sow-editor panel-first-child panel-last-child\" data-index=\"1\" ><div style=\"margin-bottom: 20px !important; \" class=\"panel-widget-style panel-widget-style-for-2215-1-0-0\" ><div\n\t\t\t\n\t\t\tclass=\"so-widget-sow-editor so-widget-sow-editor-base\"\n\t\t\t\n\t\t>\n<div class=\"siteorigin-widget-tinymce textwidget\">\n\t<p><a href=\"https:\/\/trondek-klondike.com\/wp-content\/uploads\/2025\/03\/Fort-Reliance-Component-Site-Boundary-and-Buffer.pdf\"><img loading=\"lazy\" decoding=\"async\" class=\"alignleft wp-image-2229 size-medium\" src=\"https:\/\/trondek-klondike.com\/wp-content\/uploads\/2025\/03\/Fort-Reliance-Component-Site-Boundary-and-Buffer-300x212.jpg\" alt=\"\" width=\"300\" height=\"212\" srcset=\"https:\/\/trondek-klondike.com\/wp-content\/uploads\/2025\/03\/Fort-Reliance-Component-Site-Boundary-and-Buffer-300x212.jpg 300w, https:\/\/trondek-klondike.com\/wp-content\/uploads\/2025\/03\/Fort-Reliance-Component-Site-Boundary-and-Buffer-1024x725.jpg 1024w, https:\/\/trondek-klondike.com\/wp-content\/uploads\/2025\/03\/Fort-Reliance-Component-Site-Boundary-and-Buffer-768x543.jpg 768w, https:\/\/trondek-klondike.com\/wp-content\/uploads\/2025\/03\/Fort-Reliance-Component-Site-Boundary-and-Buffer-1536x1087.jpg 1536w, https:\/\/trondek-klondike.com\/wp-content\/uploads\/2025\/03\/Fort-Reliance-Component-Site-Boundary-and-Buffer-2048x1449.jpg 2048w\" sizes=\"auto, (max-width: 300px) 100vw, 300px\" \/><\/a><strong>Fort Reliance<\/strong> is 3.5 kilometres northwest of J\u00ebjik Dh\u00e4 D\u00ebnezhu Kek\u2019it (Moosehide Village) on the east bank of the Yukon River, located within Tr\u2019ond\u00ebk Hw\u00ebch\u2019in Settlement Land.<\/p>\n<p>In August 1874, traders from the Alaska Commercial Company established a fur trading post here. This was the first colonial establishment to be built within Tr\u2019ond\u00ebk Hw\u00ebch\u2019in ancestral lands, initiated by one of the Tr\u2019ond\u00ebk Hw\u00ebch\u2019in leaders, G\u00e0h Ts\u2019y\u00e0t (Catsah) who \u201cinsisted on the agent building a station near his house.\u201d 1 For several years, Tr\u2019ond\u00ebk Hw\u00ebch\u2019in people adjusted their yearly activities to trap and provide fur to the trading post in exchange for the newcomer\u2019s desirable goods, in a partnership that was equitable and beneficial to both parties.<\/p>\n<p>Fort Reliance operated until 1887 when the discovery of gold on the Fortymile River triggered a rush to the new diggings. The fort\u2019s log buildings were demolished over the next decade.<\/p>\n<p>The physical heritage values at Fort Reliance are entirely archaeological and are characterized by two significant features. The first feature is a site that includes evidence that suggests that this location was used as a camp for a period of more than 1,000 years before present. The second feature is the remains of an ensemble of habitation features and associated artifacts of the trading post. These include remains of housing of indigenous design - semi-subterranean house pits, and buildings that appear to have been built in a colonial \u201ccabin\u201d style, including two larger buildings likely the site of the Alaska Commercial Company store and residence, and residential cabins for other inhabitants of the site.<\/p>\n<p>Fort Reliance portrays the early stages of colonization, wherein newcomers and Indigenous people worked and lived cooperatively in a new industry - the fur trade.<\/p>\n<\/div>\n<\/div><\/div><\/div><\/div><\/div><\/div><\/div>","protected":false},"excerpt":{"rendered":"<p>Fort Reliance is 3.5 kilometres northwest of J\u00ebjik Dh\u00e4 D\u00ebnezhu Kek\u2019it (Moosehide Village) on the east bank of the Yukon River, located within Tr\u2019ond\u00ebk Hw\u00ebch\u2019in Settlement Land. In August 1874, traders from the Alaska Commercial Company established a fur trading post here. This was the first colonial establishment to be built within Tr\u2019ond\u00ebk Hw\u00ebch\u2019in ancestral &hellip; <a href=\"https:\/\/trondek-klondike.com\/index.php\/fort-reliance\/\" title=\"Fort Reliance\" class=\"read-more\">Read More<\/a><\/p>\n","protected":false},"author":1,"featured_media":0,"parent":0,"menu_order":0,"comment_status":"closed","ping_status":"closed","template":"","meta":{"footnotes":""},"class_list":["post-2215","page","type-page","status-publish","hentry"],"_links":{"self":[{"href":"https:\/\/trondek-klondike.com\/index.php\/wp-json\/wp\/v2\/pages\/2215","targetHints":{"allow":["GET"]}}],"collection":[{"href":"https:\/\/trondek-klondike.com\/index.php\/wp-json\/wp\/v2\/pages"}],"about":[{"href":"https:\/\/trondek-klondike.com\/index.php\/wp-json\/wp\/v2\/types\/page"}],"author":[{"embeddable":true,"href":"https:\/\/trondek-klondike.com\/index.php\/wp-json\/wp\/v2\/users\/1"}],"replies":[{"embeddable":true,"href":"https:\/\/trondek-klondike.com\/index.php\/wp-json\/wp\/v2\/comments?post=2215"}],"version-history":[{"count":24,"href":"https:\/\/trondek-klondike.com\/index.php\/wp-json\/wp\/v2\/pages\/2215\/revisions"}],"predecessor-version":[{"id":2326,"href":"https:\/\/trondek-klondike.com\/index.php\/wp-json\/wp\/v2\/pages\/2215\/revisions\/2326"}],"wp:attachment":[{"href":"https:\/\/trondek-klondike.com\/index.php\/wp-json\/wp\/v2\/media?parent=2215"}],"curies":[{"name":"wp","href":"https:\/\/api.w.org\/{rel}","templated":true}]}}